{"id":164,"date":"2020-03-15T19:36:42","date_gmt":"2020-03-15T18:36:42","guid":{"rendered":"http:\/\/www.ibg-net.cz\/?page_id=164"},"modified":"2024-01-12T13:28:21","modified_gmt":"2024-01-12T12:28:21","slug":"webdesign","status":"publish","type":"page","link":"https:\/\/www.ibg-net.cz\/?page_id=164","title":{"rendered":"Webdesign"},"content":{"rendered":"\n<ul class=\"wp-block-list\">\n<li> tvorba webov\u00fdch prezentac\u00ed<\/li>\n\n\n\n<li>e-shop\u016f<\/li>\n\n\n\n<li> programov\u00e1n\u00ed on-line aplikac\u00ed <\/li>\n\n\n\n<li>um\u00edst\u011bn\u00ed prezentac\u00ed na  internetu (jak na na\u0161ich serverech tak kdekoli dle p\u0159\u00e1n\u00ed z\u00e1kazn\u00edka) <\/li>\n\n\n\n<li>mailhosting<\/li>\n\n\n\n<li> registraci a um\u00edst\u011bn\u00ed Va\u0161\u00ed dom\u00e9ny<\/li>\n\n\n\n<li> poradenstv\u00ed v oblasti SEO a spr\u00e1vy reklamn\u00edch kampan\u00ed<\/li>\n\n\n\n<li>ostatn\u00ed souvisej\u00edc\u00ed slu\u017eby<\/li>\n<\/ul>\n\n\n\n<div style=\"height:35px\" aria-hidden=\"true\" class=\"wp-block-spacer\"><\/div>\n\n\n\n<h4 class=\"wp-block-heading\"><strong>N\u011bkolik uk\u00e1zek na\u0161\u00ed pr\u00e1ce<\/strong><\/h4>\n\n\n\n<div style=\"height:30px\" aria-hidden=\"true\" class=\"wp-block-spacer\"><\/div>\n\n\n\n<div class=\"wp-block-columns is-layout-flex wp-container-core-columns-is-layout-1 wp-block-columns-is-layout-flex\">\n<div class=\"wp-block-column is-layout-flow wp-block-column-is-layout-flow\"><div class=\"wp-block-image\">\n<figure class=\"aligncenter size-large is-resized\"><a href=\"http:\/\/www.mskryry.cz\"><img loading=\"lazy\" decoding=\"async\" src=\"http:\/\/www.ibg-net.cz\/wp-content\/uploads\/2020\/03\/mskryry-1-1024x878.jpg\" alt=\"\" class=\"wp-image-205\" width=\"330\" height=\"290\"\/><\/a><\/figure><\/div>\n\n\n<p class=\"has-text-align-center\">Mate\u0159sk\u00e1 \u0161kola Kryry<\/p>\n<\/div>\n\n\n\n<div class=\"wp-block-column is-layout-flow wp-block-column-is-layout-flow\"><div class=\"wp-block-image\">\n<figure class=\"aligncenter size-large is-resized\"><a href=\"http:\/\/www.realal.cz\"><img loading=\"lazy\" decoding=\"async\" src=\"http:\/\/www.ibg-net.cz\/wp-content\/uploads\/2020\/03\/realal-6-1024x898.jpg\" alt=\"\" class=\"wp-image-206\" width=\"330\" height=\"290\" srcset=\"https:\/\/www.ibg-net.cz\/wp-content\/uploads\/2020\/03\/realal-6-1024x898.jpg 1024w, https:\/\/www.ibg-net.cz\/wp-content\/uploads\/2020\/03\/realal-6-300x263.jpg 300w, https:\/\/www.ibg-net.cz\/wp-content\/uploads\/2020\/03\/realal-6-768x674.jpg 768w, https:\/\/www.ibg-net.cz\/wp-content\/uploads\/2020\/03\/realal-6.jpg 1247w\" sizes=\"auto, (max-width: 330px) 100vw, 330px\" \/><\/a><\/figure><\/div>\n\n\n<p class=\"has-text-align-center\">Realitn\u00ed kancel\u00e1\u0159 L&amp;L s.r.o.<\/p>\n<\/div>\n<\/div>\n\n\n\n<div style=\"height:30px\" aria-hidden=\"true\" class=\"wp-block-spacer\"><\/div>\n\n\n\n<div class=\"wp-block-columns is-layout-flex wp-container-core-columns-is-layout-2 wp-block-columns-is-layout-flex\">\n<div class=\"wp-block-column is-layout-flow wp-block-column-is-layout-flow\"><div class=\"wp-block-image\">\n<figure class=\"aligncenter size-large is-resized\"><a href=\"http:\/\/www.rutkarting.cz\"><img loading=\"lazy\" decoding=\"async\" src=\"http:\/\/www.ibg-net.cz\/wp-content\/uploads\/2020\/03\/rutkarting-2-1024x894.jpg\" alt=\"\" class=\"wp-image-217\" width=\"330\" height=\"290\"\/><\/a><\/figure><\/div>\n\n\n<p class=\"has-text-align-center\">R\u016eTKarting<\/p>\n<\/div>\n\n\n\n<div class=\"wp-block-column is-layout-flow wp-block-column-is-layout-flow\"><div class=\"wp-block-image\">\n<figure class=\"aligncenter size-large is-resized\"><a href=\"http:\/\/www.callpro.cz\"><img loading=\"lazy\" decoding=\"async\" src=\"http:\/\/www.ibg-net.cz\/wp-content\/uploads\/2020\/03\/callpro-4-1024x965.jpg\" alt=\"\" class=\"wp-image-210\" width=\"330\" height=\"290\"\/><\/a><\/figure><\/div>\n\n\n<p class=\"has-text-align-center\">CALLPRO.cz<\/p>\n<\/div>\n<\/div>\n\n\n\n<div style=\"height:30px\" aria-hidden=\"true\" class=\"wp-block-spacer\"><\/div>\n\n\n\n<div class=\"wp-block-columns is-layout-flex wp-container-core-columns-is-layout-3 wp-block-columns-is-layout-flex\">\n<div class=\"wp-block-column is-layout-flow wp-block-column-is-layout-flow\"><div class=\"wp-block-image\">\n<figure class=\"aligncenter size-large is-resized\"><a href=\"http:\/\/www.ran-kryry.cz\"><img loading=\"lazy\" decoding=\"async\" src=\"https:\/\/www.ibg-net.cz\/wp-content\/uploads\/2020\/03\/ran-2-1024x1005.jpg\" alt=\"\" class=\"wp-image-557\" width=\"330\" height=\"290\"\/><\/a><\/figure><\/div>\n\n\n<p class=\"has-text-align-center\">RAN s.r.o., Kryry<\/p>\n<\/div>\n\n\n\n<div class=\"wp-block-column is-layout-flow wp-block-column-is-layout-flow\"><div class=\"wp-block-image\">\n<figure class=\"aligncenter size-large is-resized\"><a href=\"https:\/\/centrum83.cz\"><img loading=\"lazy\" decoding=\"async\" src=\"https:\/\/www.ibg-net.cz\/wp-content\/uploads\/2020\/04\/centrum-1024x970.png\" alt=\"\" class=\"wp-image-668\" width=\"330\" height=\"290\"\/><\/a><\/figure><\/div>\n\n\n<p class=\"has-text-align-center\">Centrum 83, Mlad\u00e1 Boleslav<\/p>\n<\/div>\n<\/div>\n","protected":false},"excerpt":{"rendered":"<p>N\u011bkolik uk\u00e1zek na\u0161\u00ed pr\u00e1ce Mate\u0159sk\u00e1 \u0161kola Kryry Realitn\u00ed kancel\u00e1\u0159 L&amp;L s.r.o. R\u016eTKarting CALLPRO.cz RAN s.r.o., Kryry Centrum 83, Mlad\u00e1 Boleslav<\/p>\n","protected":false},"author":1,"featured_media":0,"parent":68,"menu_order":0,"comment_status":"closed","ping_status":"closed","template":"","meta":{"footnotes":""},"class_list":["post-164","page","type-page","status-publish"],"yoast_head":"<!-- This site is optimized with the Yoast SEO plugin v21.5 - https:\/\/yoast.com\/wordpress\/plugins\/seo\/ -->\n<title>Webdesign - IBG-NET<\/title>\n<meta name=\"description\" content=\"Internet Podbo\u0159any, P\u0159ipojen\u00ed k internetu, ISP, Internet Provider, Televize, Webdesign, Vol\u00e1n\u00ed\" \/>\n<meta name=\"robots\" content=\"index, follow, max-snippet:-1, max-image-preview:large, max-video-preview:-1\" \/>\n<link rel=\"canonical\" href=\"https:\/\/www.ibg-net.cz\/?page_id=164\" \/>\n<meta property=\"og:locale\" content=\"cs_CZ\" \/>\n<meta property=\"og:type\" content=\"article\" \/>\n<meta property=\"og:title\" content=\"Webdesign - IBG-NET\" \/>\n<meta property=\"og:description\" content=\"Internet Podbo\u0159any, P\u0159ipojen\u00ed k internetu, ISP, Internet Provider, Televize, Webdesign, Vol\u00e1n\u00ed\" \/>\n<meta property=\"og:url\" content=\"https:\/\/www.ibg-net.cz\/?page_id=164\" \/>\n<meta property=\"og:site_name\" content=\"IBG-NET\" \/>\n<meta property=\"article:publisher\" content=\"https:\/\/www.facebook.com\/IBGNET.cz\/\" \/>\n<meta property=\"article:modified_time\" content=\"2024-01-12T12:28:21+00:00\" \/>\n<meta property=\"og:image\" content=\"http:\/\/www.ibg-net.cz\/wp-content\/uploads\/2020\/03\/mskryry-1-1024x878.jpg\" \/>\n<meta name=\"twitter:card\" content=\"summary_large_image\" \/>\n<meta name=\"twitter:label1\" content=\"Odhadovan\u00e1 doba \u010dten\u00ed\" \/>\n\t<meta name=\"twitter:data1\" content=\"2 minuty\" \/>\n<script type=\"application\/ld+json\" class=\"yoast-schema-graph\">{\"@context\":\"https:\/\/schema.org\",\"@graph\":[{\"@type\":\"WebPage\",\"@id\":\"https:\/\/www.ibg-net.cz\/?page_id=164\",\"url\":\"https:\/\/www.ibg-net.cz\/?page_id=164\",\"name\":\"Webdesign - IBG-NET\",\"isPartOf\":{\"@id\":\"https:\/\/www.ibg-net.cz\/#website\"},\"datePublished\":\"2020-03-15T18:36:42+00:00\",\"dateModified\":\"2024-01-12T12:28:21+00:00\",\"description\":\"Internet Podbo\u0159any, P\u0159ipojen\u00ed k internetu, ISP, Internet Provider, Televize, Webdesign, Vol\u00e1n\u00ed\",\"breadcrumb\":{\"@id\":\"https:\/\/www.ibg-net.cz\/?page_id=164#breadcrumb\"},\"inLanguage\":\"cs\",\"potentialAction\":[{\"@type\":\"ReadAction\",\"target\":[\"https:\/\/www.ibg-net.cz\/?page_id=164\"]}]},{\"@type\":\"BreadcrumbList\",\"@id\":\"https:\/\/www.ibg-net.cz\/?page_id=164#breadcrumb\",\"itemListElement\":[{\"@type\":\"ListItem\",\"position\":1,\"name\":\"Dom\u016f\",\"item\":\"https:\/\/www.ibg-net.cz\/\"},{\"@type\":\"ListItem\",\"position\":2,\"name\":\"Internet\",\"item\":\"https:\/\/www.ibg-net.cz\/?page_id=68\"},{\"@type\":\"ListItem\",\"position\":3,\"name\":\"Webdesign\"}]},{\"@type\":\"WebSite\",\"@id\":\"https:\/\/www.ibg-net.cz\/#website\",\"url\":\"https:\/\/www.ibg-net.cz\/\",\"name\":\"IBG-NET\",\"description\":\"INTERNET ~ TELEVIZE ~ VOL\u00c1N\u00cd\",\"publisher\":{\"@id\":\"https:\/\/www.ibg-net.cz\/#organization\"},\"potentialAction\":[{\"@type\":\"SearchAction\",\"target\":{\"@type\":\"EntryPoint\",\"urlTemplate\":\"https:\/\/www.ibg-net.cz\/?s={search_term_string}\"},\"query-input\":\"required name=search_term_string\"}],\"inLanguage\":\"cs\"},{\"@type\":\"Organization\",\"@id\":\"https:\/\/www.ibg-net.cz\/#organization\",\"name\":\"IBG-NET s.r.o.\",\"url\":\"https:\/\/www.ibg-net.cz\/\",\"logo\":{\"@type\":\"ImageObject\",\"inLanguage\":\"cs\",\"@id\":\"https:\/\/www.ibg-net.cz\/#\/schema\/logo\/image\/\",\"url\":\"https:\/\/www.ibg-net.cz\/wp-content\/uploads\/2020\/05\/LogoP_POUZITE.png\",\"contentUrl\":\"https:\/\/www.ibg-net.cz\/wp-content\/uploads\/2020\/05\/LogoP_POUZITE.png\",\"width\":2000,\"height\":332,\"caption\":\"IBG-NET s.r.o.\"},\"image\":{\"@id\":\"https:\/\/www.ibg-net.cz\/#\/schema\/logo\/image\/\"},\"sameAs\":[\"https:\/\/www.facebook.com\/IBGNET.cz\/\"]}]}<\/script>\n<!-- \/ Yoast SEO plugin. -->","yoast_head_json":{"title":"Webdesign - IBG-NET","description":"Internet Podbo\u0159any, P\u0159ipojen\u00ed k internetu, ISP, Internet Provider, Televize, Webdesign, Vol\u00e1n\u00ed","robots":{"index":"index","follow":"follow","max-snippet":"max-snippet:-1","max-image-preview":"max-image-preview:large","max-video-preview":"max-video-preview:-1"},"canonical":"https:\/\/www.ibg-net.cz\/?page_id=164","og_locale":"cs_CZ","og_type":"article","og_title":"Webdesign - IBG-NET","og_description":"Internet Podbo\u0159any, P\u0159ipojen\u00ed k internetu, ISP, Internet Provider, Televize, Webdesign, Vol\u00e1n\u00ed","og_url":"https:\/\/www.ibg-net.cz\/?page_id=164","og_site_name":"IBG-NET","article_publisher":"https:\/\/www.facebook.com\/IBGNET.cz\/","article_modified_time":"2024-01-12T12:28:21+00:00","og_image":[{"url":"http:\/\/www.ibg-net.cz\/wp-content\/uploads\/2020\/03\/mskryry-1-1024x878.jpg"}],"twitter_card":"summary_large_image","twitter_misc":{"Odhadovan\u00e1 doba \u010dten\u00ed":"2 minuty"},"schema":{"@context":"https:\/\/schema.org","@graph":[{"@type":"WebPage","@id":"https:\/\/www.ibg-net.cz\/?page_id=164","url":"https:\/\/www.ibg-net.cz\/?page_id=164","name":"Webdesign - IBG-NET","isPartOf":{"@id":"https:\/\/www.ibg-net.cz\/#website"},"datePublished":"2020-03-15T18:36:42+00:00","dateModified":"2024-01-12T12:28:21+00:00","description":"Internet Podbo\u0159any, P\u0159ipojen\u00ed k internetu, ISP, Internet Provider, Televize, Webdesign, Vol\u00e1n\u00ed","breadcrumb":{"@id":"https:\/\/www.ibg-net.cz\/?page_id=164#breadcrumb"},"inLanguage":"cs","potentialAction":[{"@type":"ReadAction","target":["https:\/\/www.ibg-net.cz\/?page_id=164"]}]},{"@type":"BreadcrumbList","@id":"https:\/\/www.ibg-net.cz\/?page_id=164#breadcrumb","itemListElement":[{"@type":"ListItem","position":1,"name":"Dom\u016f","item":"https:\/\/www.ibg-net.cz\/"},{"@type":"ListItem","position":2,"name":"Internet","item":"https:\/\/www.ibg-net.cz\/?page_id=68"},{"@type":"ListItem","position":3,"name":"Webdesign"}]},{"@type":"WebSite","@id":"https:\/\/www.ibg-net.cz\/#website","url":"https:\/\/www.ibg-net.cz\/","name":"IBG-NET","description":"INTERNET ~ TELEVIZE ~ VOL\u00c1N\u00cd","publisher":{"@id":"https:\/\/www.ibg-net.cz\/#organization"},"potentialAction":[{"@type":"SearchAction","target":{"@type":"EntryPoint","urlTemplate":"https:\/\/www.ibg-net.cz\/?s={search_term_string}"},"query-input":"required name=search_term_string"}],"inLanguage":"cs"},{"@type":"Organization","@id":"https:\/\/www.ibg-net.cz\/#organization","name":"IBG-NET s.r.o.","url":"https:\/\/www.ibg-net.cz\/","logo":{"@type":"ImageObject","inLanguage":"cs","@id":"https:\/\/www.ibg-net.cz\/#\/schema\/logo\/image\/","url":"https:\/\/www.ibg-net.cz\/wp-content\/uploads\/2020\/05\/LogoP_POUZITE.png","contentUrl":"https:\/\/www.ibg-net.cz\/wp-content\/uploads\/2020\/05\/LogoP_POUZITE.png","width":2000,"height":332,"caption":"IBG-NET s.r.o."},"image":{"@id":"https:\/\/www.ibg-net.cz\/#\/schema\/logo\/image\/"},"sameAs":["https:\/\/www.facebook.com\/IBGNET.cz\/"]}]}},"_links":{"self":[{"href":"https:\/\/www.ibg-net.cz\/index.php?rest_route=\/wp\/v2\/pages\/164","targetHints":{"allow":["GET"]}}],"collection":[{"href":"https:\/\/www.ibg-net.cz\/index.php?rest_route=\/wp\/v2\/pages"}],"about":[{"href":"https:\/\/www.ibg-net.cz\/index.php?rest_route=\/wp\/v2\/types\/page"}],"author":[{"embeddable":true,"href":"https:\/\/www.ibg-net.cz\/index.php?rest_route=\/wp\/v2\/users\/1"}],"replies":[{"embeddable":true,"href":"https:\/\/www.ibg-net.cz\/index.php?rest_route=%2Fwp%2Fv2%2Fcomments&post=164"}],"version-history":[{"count":39,"href":"https:\/\/www.ibg-net.cz\/index.php?rest_route=\/wp\/v2\/pages\/164\/revisions"}],"predecessor-version":[{"id":808,"href":"https:\/\/www.ibg-net.cz\/index.php?rest_route=\/wp\/v2\/pages\/164\/revisions\/808"}],"up":[{"embeddable":true,"href":"https:\/\/www.ibg-net.cz\/index.php?rest_route=\/wp\/v2\/pages\/68"}],"wp:attachment":[{"href":"https:\/\/www.ibg-net.cz\/index.php?rest_route=%2Fwp%2Fv2%2Fmedia&parent=164"}],"curies":[{"name":"wp","href":"https:\/\/api.w.org\/{rel}","templated":true}]}}